CRAN Package Check Results for Package wordcloud2

Last updated on 2020-05-30 15:48:35 CEST.

Flavor Version Tinstall Tcheck Ttotal Status Flags
r-devel-linux-x86_64-debian-clang 0.2.1 3.24 30.48 33.72 OK
r-devel-linux-x86_64-debian-gcc 0.2.1 2.53 24.32 26.85 OK
r-devel-linux-x86_64-fedora-clang 0.2.1 41.64 NOTE
r-devel-linux-x86_64-fedora-gcc 0.2.1 40.22 NOTE
r-devel-windows-ix86+x86_64 0.2.1 9.00 106.00 115.00 OK
r-patched-linux-x86_64 0.2.1 3.08 30.28 33.36 OK
r-patched-solaris-x86 0.2.1 60.30 WARN
r-release-linux-x86_64 0.2.1 3.46 30.24 33.70 OK
r-release-osx-x86_64 0.2.1 NOTE
r-release-windows-ix86+x86_64 0.2.1 9.00 96.00 105.00 OK
r-oldrel-osx-x86_64 0.2.1 WARN
r-oldrel-windows-ix86+x86_64 0.2.1 8.00 49.00 57.00 OK

Check Details

Version: 0.2.1
Check: data for non-ASCII characters
Result: NOTE
     Note: found 933 marked UTF-8 strings
Flavors: r-devel-linux-x86_64-fedora-clang, r-devel-linux-x86_64-fedora-gcc, r-patched-solaris-x86, r-release-osx-x86_64, r-oldrel-osx-x86_64

Version: 0.2.1
Check: re-building of vignette outputs
Result: WARN
    Error(s) in re-building vignettes:
     ...
    --- re-building ‘wordcloud.Rmd’ using rmarkdown
    Warning in engine$weave(file, quiet = quiet, encoding = enc) :
     Pandoc (>= 1.12.3) and/or pandoc-citeproc not available. Falling back to R Markdown v1.
    Quitting from lines 37-39 (wordcloud.Rmd)
    Error: processing vignette 'wordcloud.Rmd' failed with diagnostics:
    cannot open the connection
    --- failed re-building ‘wordcloud.Rmd’
    
    SUMMARY: processing the following file failed:
     ‘wordcloud.Rmd’
    
    Error: Vignette re-building failed.
    Execution halted
Flavors: r-patched-solaris-x86, r-oldrel-osx-x86_64