CRAN Package Check Results for Package wyz.code.testthat

Last updated on 2020-02-24 02:47:19 CET.

Flavor Version Tinstall Tcheck Ttotal Status Flags
r-devel-linux-x86_64-debian-clang 1.1.16 5.90 54.31 60.21 OK
r-devel-linux-x86_64-debian-gcc 1.1.16 OK
r-devel-linux-x86_64-fedora-clang 1.1.16 74.73 OK
r-devel-linux-x86_64-fedora-gcc 1.1.16 69.81 OK
r-devel-windows-ix86+x86_64 1.1.16 14.00 67.00 81.00 OK
r-devel-windows-ix86+x86_64-gcc8 1.1.16 26.00 96.00 122.00 OK
r-patched-linux-x86_64 1.1.16 OK
r-patched-solaris-x86 1.1.16 94.20 OK
r-release-linux-x86_64 1.1.16 4.22 49.32 53.54 OK
r-release-windows-ix86+x86_64 1.1.16 10.00 60.00 70.00 OK
r-release-osx-x86_64 1.1.16 OK
r-oldrel-windows-ix86+x86_64 1.1.9 7.00 76.00 83.00 OK
r-oldrel-osx-x86_64 1.1.16 ERROR

Check Details

Version: 1.1.16
Check: whether package can be installed
Result: ERROR
    Installation failed.
Flavor: r-oldrel-osx-x86_64