CRAN Package Check Results for Package xRing

Last updated on 2019-11-12 14:47:51 CET.

Flavor Version Tinstall Tcheck Ttotal Status Flags
r-devel-linux-x86_64-debian-clang 0.1.0 14.47 100.36 114.83 OK
r-devel-linux-x86_64-debian-gcc 0.1.0 10.78 77.80 88.58 OK
r-devel-linux-x86_64-fedora-clang 0.1.0 144.49 NOTE
r-devel-linux-x86_64-fedora-gcc 0.1.0 138.91 NOTE
r-devel-windows-ix86+x86_64 0.1.0 23.00 106.00 129.00 OK
r-patched-linux-x86_64 0.1.0 11.65 97.55 109.20 OK
r-patched-solaris-x86 0.1.0 198.70 NOTE
r-release-linux-x86_64 0.1.0 13.70 97.88 111.58 OK
r-release-windows-ix86+x86_64 0.1.0 33.00 112.00 145.00 OK
r-release-osx-x86_64 0.1.0 FAIL
r-oldrel-windows-ix86+x86_64 0.1.0 14.00 135.00 149.00 OK
r-oldrel-osx-x86_64 0.1.0 NOTE

Check Details

Version: 0.1.0
Check: dependencies in R code
Result: NOTE
    Namespace in Imports field not imported from: ‘tcltk2’
     All declared Imports should be used.
Flavors: r-devel-linux-x86_64-fedora-clang, r-devel-linux-x86_64-fedora-gcc, r-patched-solaris-x86, r-oldrel-osx-x86_64

Version: 0.1.0
Check: whether package can be installed
Result: FAIL
    
Flavor: r-release-osx-x86_64