CRAN Package Check Results for Package xRing

Last updated on 2020-05-25 15:49:15 CEST.

Flavor Version Tinstall Tcheck Ttotal Status Flags
r-devel-linux-x86_64-debian-clang 0.1.0 14.67 107.98 122.65 OK
r-devel-linux-x86_64-debian-gcc 0.1.0 11.32 82.76 94.08 OK
r-devel-linux-x86_64-fedora-clang 0.1.0 154.53 NOTE
r-devel-linux-x86_64-fedora-gcc 0.1.0 149.03 NOTE
r-devel-windows-ix86+x86_64 0.1.0 34.00 150.00 184.00 OK
r-patched-linux-x86_64 0.1.0 13.88 108.49 122.37 OK
r-patched-solaris-x86 0.1.0 237.50 NOTE
r-release-linux-x86_64 0.1.0 15.66 108.36 124.02 OK
r-release-osx-x86_64 0.1.0 NOTE
r-release-windows-ix86+x86_64 0.1.0 24.00 150.00 174.00 OK
r-oldrel-osx-x86_64 0.1.0 FAIL
r-oldrel-windows-ix86+x86_64 0.1.0 22.00 137.00 159.00 OK

Check Details

Version: 0.1.0
Check: dependencies in R code
Result: NOTE
    Namespace in Imports field not imported from: ‘tcltk2’
     All declared Imports should be used.
Flavors: r-devel-linux-x86_64-fedora-clang, r-devel-linux-x86_64-fedora-gcc, r-patched-solaris-x86, r-release-osx-x86_64

Version: 0.1.0
Check: whether package can be installed
Result: FAIL
Flavor: r-oldrel-osx-x86_64