CRAN Package Check Results for Package yuima

Last updated on 2020-09-20 03:47:41 CEST.

Flavor Version Tinstall Tcheck Ttotal Status Flags
r-devel-linux-x86_64-debian-clang 1.9.6 128.21 193.79 322.00 OK
r-devel-linux-x86_64-debian-gcc 1.9.6 102.24 148.75 250.99 OK
r-devel-linux-x86_64-fedora-clang 1.9.6 545.57 NOTE
r-devel-linux-x86_64-fedora-gcc 1.9.6 545.57 OK
r-devel-windows-ix86+x86_64 1.9.6 264.00 335.00 599.00 NOTE
r-patched-linux-x86_64 1.9.6 114.51 193.16 307.67 OK
r-patched-solaris-x86 1.9.6 550.50 OK
r-release-linux-x86_64 1.9.6 106.29 194.14 300.43 OK
r-release-macos-x86_64 1.9.6 NOTE
r-release-windows-ix86+x86_64 1.9.6 264.00 433.00 697.00 NOTE
r-oldrel-macos-x86_64 1.9.6 NOTE
r-oldrel-windows-ix86+x86_64 1.9.6 176.00 404.00 580.00 OK

Additional issues

rchk

Check Details

Version: 1.9.6
Check: installed package size
Result: NOTE
     installed size is 6.5Mb
     sub-directories of 1Mb or more:
     R 1.9Mb
     libs 3.7Mb
Flavors: r-devel-linux-x86_64-fedora-clang, r-devel-windows-ix86+x86_64, r-release-macos-x86_64, r-release-windows-ix86+x86_64, r-oldrel-macos-x86_64