CRAN Package Check Results for Package zeroEQpart

Last updated on 2020-10-29 02:50:16 CET.

Flavor Version Tinstall Tcheck Ttotal Status Flags
r-devel-linux-x86_64-debian-clang 0.1.0 2.23 26.36 28.59 OK
r-devel-linux-x86_64-debian-gcc 0.1.0 1.57 20.31 21.88 OK
r-devel-linux-x86_64-fedora-clang 0.1.0 44.19 NOTE
r-devel-linux-x86_64-fedora-gcc 0.1.0 33.39 NOTE
r-devel-windows-ix86+x86_64 0.1.0 6.00 33.00 39.00 OK
r-patched-linux-x86_64 0.1.0 2.21 25.46 27.67 OK
r-patched-solaris-x86 0.1.0 46.80 NOTE
r-release-linux-x86_64 0.1.0 1.93 25.47 27.40 OK
r-release-macos-x86_64 0.1.0 NOTE
r-release-windows-ix86+x86_64 0.1.0 5.00 31.00 36.00 OK
r-oldrel-macos-x86_64 0.1.0 NOTE
r-oldrel-windows-ix86+x86_64 0.1.0 24.00 44.00 68.00 OK

Check Details

Version: 0.1.0
Check: dependencies in R code
Result: NOTE
    Namespace in Imports field not imported from: ‘MASS’
     All declared Imports should be used.
Flavors: r-devel-linux-x86_64-fedora-clang, r-devel-linux-x86_64-fedora-gcc, r-patched-solaris-x86, r-release-macos-x86_64, r-oldrel-macos-x86_64